 is the highest common factor of 14529 and 1807107?
501
Calculate the highest common factor of 135301 and 3.
1
Calculate the greatest common factor of 288 and 24822.
18
What is the greatest common factor of 85444 and 13546?
1042
What is the highest common divisor of 5031 and 306657?
117
Calculate the highest common factor of 854058527 and 9289.
9289
Calculate the highest common divisor of 204 and 122218032.
204
What is the greatest common factor of 258041060 and 100?
20
What is the greatest common divisor of 158856 and 22112?
8
Calculate the highest common divisor of 586 and 573292883.
293
Calculate the highest common divisor of 700 and 1250060.
140
What is the greatest common divisor of 102 and 19033353?
51
What is the highest common divisor of 54008 and 1843496?
344
What is the greatest common divisor of 10625468 and 8540?
1708
Calculate the highest common factor of 227341 and 41275609.
5287
Calculate the highest common factor of 110519232 and 5104.
464
What is the highest common factor of 2310 and 3574760?
70
Calculate the greatest common factor of 651 and 1456833.
21
What is the highest common factor of 2068713 and 1978573?
4507
Calculate the highest common divisor of 3600117 and 9.
9
What is the greatest common factor of 1 and 6225029?
1
Calculate the greatest common factor of 282 and 1288242.
6
What is the highest common factor of 635 and 25181560?
635
Calculate the highest common factor of 3683462 and 358.
358
What is the greatest common factor of 9875464 and 856?
8
What is the greatest common divisor of 3183135 and 90?
15
Calculate the highest common divisor of 327792129 and 14.
7
What is the highest common factor of 17829 and 12201?
21
What is the highest common factor of 1078242528 and 1760?
352
Calculate the greatest common factor of 19470 and 1601930.
110
Calculate the greatest common factor of 2242810 and 1043750.
1670
Calculate the greatest common divisor of 4856675 and 450.
25
Calculate the highest common factor of 12912 and 30368.
16
What is the highest common factor of 3259831 and 122671?
2011
What is the highest common factor of 8440392 and 1044?
348
What is the greatest common factor of 20 and 719728180?
20
Calculate the highest common divisor of 2908780 and 3940.
20
Calculate the highest common divisor of 51497 and 2964436.
2239
Calculate the greatest common factor of 8652 and 76874.
14
What is the greatest common factor of 32 and 849407360?
32
Calculate the greatest common divisor of 1234 and 15694012.
1234
Calculate the highest common divisor of 703 and 17222797.
703
Calculate the highest common divisor of 18864 and 31508644.
524
What is the highest common divisor of 156 and 51834?
6
What is the greatest common divisor of 121038795 and 10620?
2655
What is the highest common divisor of 926990032 and 16?
16
What is the highest common divisor of 81676 and 59612?
28
What is the greatest common divisor of 53531 and 39543?
269
What is the highest common factor of 11759 and 10564927?
1069
Calculate the highest common divisor of 94853766 and 21.
21
Calculate the greatest common divisor of 384 and 8475636.
12
Calculate the highest common divisor of 102380 and 15822829.
5119
Calculate the greatest common factor of 2432 and 1769489.
19
What is the greatest common factor of 793 and 1362114?
13
What is the highest common divisor of 613167 and 215490?
1959
What is the highest common factor of 135 and 7511535?
135
What is the greatest common factor of 62 and 26164186?
62
Calculate the highest common divisor of 1071 and 868581.
1071
What is the highest common divisor of 444 and 44103630?
222
What is the highest common factor of 999 and 966708?
27
What is the greatest common divisor of 44 and 52054508?
44
What is the highest common divisor of 11049363 and 117?
117
Calculate the greatest common divisor of 15113 and 25048718.
2159
What is the greatest common divisor of 1384 and 106194320?
1384
Calculate the highest common factor of 1741515 and 8205.
15
Calculate the highest common divisor of 63 and 248296251.
21
What is the highest common factor of 1604054 and 24?
2
Calculate the highest common factor of 395860821 and 9410.
941
Calculate the greatest common factor of 1040914 and 451619.
1043
Calculate the greatest common factor of 13312 and 328576.
128
What is the highest common factor of 353149665 and 330?
165
Calculate the highest common factor of 968 and 106109498.
242
Calculate the highest common divisor of 344 and 181480.
8
What is the highest common divisor of 21219 and 174667735?
7073
What is the highest common factor of 1391 and 90944864?
107
Calculate the greatest common factor of 4056495 and 9435.
555
Calculate the highest common factor of 1292189 and 110680.
2767
Calculate the highest common factor of 146306090 and 105.
35
What is the greatest common factor of 48301196 and 690?
46
What is the highest common factor of 564410 and 5810?
70
What is the highest common divisor of 16898795 and 1?
1
What is the greatest common divisor of 7406161 and 691187?
2051
Calculate the highest common factor of 520 and 55458650.
130
Calculate the highest common divisor of 10628 and 101683390.
5314
What is the highest common factor of 10527422 and 9170?
262
Calculate the greatest common divisor of 177 and 151018347.
177
What is the highest common divisor of 1522788 and 4?
4
What is the greatest common factor of 12426642 and 162?
54
What is the highest common divisor of 3588450 and 90?
30
What is the highest common factor of 3816 and 205704?
72
What is the highest common divisor of 1051131999 and 87?
87
What is the greatest common factor of 5132240 and 48?
16
Calculate the greatest common factor of 43659 and 4730607.
441
Calculate the greatest common divisor of 338 and 17885608.
338
Calculate the greatest common factor of 74399984 and 57616.
4432
What is the greatest common divisor of 72912 and 9607675?
1519
What is the greatest common factor of 90 and 5792790?
30
What is the greatest common factor of 60 and 264284655?
15
What is the greatest common divisor of 6118589 and 119?
17
Calculate the highest common divisor of 672 and 7944006.
42
Calculate the greatest common divisor of 4134 and 213381922.
1378
What is the highest common factor of 315945 and 49169610?
5355
Calculate the highest common divisor of 576388 and 4197.
1399
Calculate the greatest common divisor of 1188 and 331886214.
594
Calculate the greatest common divisor of 148 and 3118397.
37
Calculate the highest common divisor of 47797 and 1879.
1
Calculate the highest common divisor of 2703 and 8594904.
159
Calculate the greatest common divisor of 2812824 and 129.
3
Calculate the highest common divisor of 3831884 and 29960.
2996
Calculate the highest common factor of 4675 and 5082150.
425
What is the highest common divisor of 29759316 and 324?
12
What is the greatest common factor of 212459 and 109034679?
3601
Calculate the greatest common factor of 170 and 27222508.
34
What is the greatest common divisor of 23910547 and 74?
37
Calculate the greatest common divisor of 277541459 and 3237.
1079
Calculate the greatest common factor of 270 and 384452730.
270
Calculate the highest common divisor of 152 and 1243436.
76
What is the greatest common divisor of 104331513 and 429?
429
What is the greatest common factor of 1650 and 5831815?
55
What is the greatest common divisor of 299279331 and 117?
117
Calculate the highest common factor of 803 and 213589970.
803
Calculate the highest common factor of 12 and 386054133.
3
Calculate the highest common factor of 2363 and 527783.
139
What is the highest common factor of 108705597 and 96096?
3003
Calculate the greatest common divisor of 216256 and 385860.
436
What is the highest common factor of 61 and 131640318?
61
Calculate the greatest common divisor of 407176 and 5936.
56
What is the highest common divisor of 14920539 and 10065?
183
What is the greatest common factor of 110312 and 150872?
8
Calculate the greatest common factor of 9119918 and 20882.
394
Calculate the greatest common factor of 3910 and 45050.
170
What is the highest common divisor of 885969 and 16569?
63
Calculate the highest common divisor of 8843854 and 224504.
8018
What is the highest common divisor of 159824 and 8589?
7
What is the highest common divisor of 24062595 and 8973?
2